actors of n?
5
Suppose 25*q - 21*q = 16. What are the prime factors of q?
2
Suppose -11*m + 15 = -10*m. Suppose 2*a + 3*b - 3 = 0, -b - 2*b + m = 4*a. Suppose 0 = -2*q - a*s + 3*s + 125, -q + 4*s = -90. List the prime factors of q.
2, 5, 7
Let j(g) = -12*g**3 - g**2 - 4*g - 7. Let b be j(-2). Suppose -2*t - 360 = -6*t - s, -s + b = t. What are the prime factors of t?
89
Let h = 10 - 163. Let m = 260 + h. What are the prime factors of m?
107
Suppose 20*f = 13*f + 23646. List the prime factors of f.
2, 3, 563
Let l(t) = -21*t**3. Let y be 2/4*(10 + -6). Suppose y*f = -0*f - 2. What are the prime factors of l(f)?
3, 7
Suppose -21*h - 5138 = -28*h. List the prime factors of h.
2, 367
Suppose 4*u - 938 = b + 1111, 5*b = -u + 486. What are the prime factors of u?
7, 73
Let a(y) = -y**2 + 2*y + 22. Let w = 7 + -7. Let o be a(w). Suppose 2*x - 32 = o. List the prime factors of x.
3
Let u(s) = 2*s**2 - 26*s - 4. Let t be 75/10*(0 + 4/2). What are the prime factors of u(t)?
2, 7
Let k(l) be the third derivative of l**4/6 + 10*l**3/3 - 15*l**2. What are the prime factors of k(8)?
2, 13
Let w = 55 + -30. List the prime factors of 240/w + (-1 - 6/(-15)).
3
List the prime factors of (-6861)/(-6) - (5/2 + -1).
2, 571
Let o be -12*(-21)/24*2. Let n be 161/o - (-4)/(-6). Suppose n*f = -4 + 39. What are the prime factors of f?
5
Let k be (-4)/8*-52*2*8. Suppose -4*o - 520 = -9*o + 4*a, -a = -4*o + k. What are the prime factors of o?
2, 13
Suppose -v = 16 - 21. Suppose v*k + 56 = 3*g, -g = g + 4*k - 74. What are the prime factors of g?
3
Let l(o) = -o**2 + 17*o - 38. Let f be l(14). Suppose -r - 3*r + 1228 = -f*d, -3*d = r - 323. List the prime factors of r.
311
Let z(g) = 41*g**2 - 4*g - 7. What are the prime factors of z(-2)?
3, 5, 11
Suppose -13875 - 8833 = -14*b. List the prime factors of b.
2, 811
Let t be 629/(-17)*(0 + 1). Let k = t - -59. What are the prime factors of k?
2, 11
Let c(v) = -v**3 + 3*v + 3. Let f be c(-2). Let g = 51 - -16. Suppose 5*q - 2*u = -0*u + 182, f*u - g = -2*q. List the prime factors of q.
2, 3
Let v = -2 - -1. List the prime factors of v/(-1)*1 + (5 - -77).
83
Let g(c) = -13*c + 2. Suppose 0 = 4*q - 0*l - 3*l - 35, 4*q - 4*l - 40 = 0. Suppose -3*u + 4 = -q*u. List the prime factors of g(u).
2, 7
List the prime factors of ((-23)/(276/6288))/(4/(-6)).
2, 3, 131
Suppose -5*t = -4*g - 75, 0 = -5*t - 0*t + 15. Let r = -7 - g. Suppose -l + 4*a = r*a - 22, 3*l = 4*a + 82. What are the prime factors of l?
2, 13
Let n(q) = q**2 - q - 11. Suppose 3*f = 4*g - 21, f = 5*g + 2*f - 12. Let s be 4/(-8)*-10 + g. List the prime factors of n(s).
3, 5
Let g(r) = r**3 - 49*r + 1825. What are the prime factors of g(0)?
5, 73
Let h(v) = v**2 - 34*v - 24. What are the prime factors of h(-9)?
3, 11
Let m(g) = -g**3 + 7*g**2 - 6*g + 4. Let z be m(6). Suppose -4*i + 9 = -i. Suppose i*s - 32 = 5*r, z*r - 12 = -2*s + 46. What are the prime factors of s?
19
Let m be (-36)/(-10) - (-3)/(-5). Let n be -2 + -1 + m + 21. Let h = n - 2. List the prime factors of h.
19
Let z(b) = 3*b**3 + b**2 + 4*b + 5. Let t = 53 - 50. List the prime factors of z(t).
107
Suppose 1868 = 7*c - 624. Suppose -4 = -8*v + c. List the prime factors of v.
3, 5
Let f(p) = p**3 + 10*p**2 + 2*p - 13. Let s be f(-9). Suppose -575 + s = -15*h. List the prime factors of h.
5, 7
Let c be ((-35)/(-28))/((-1)/(-4)) - 2. Suppose -2*s = w + 28 - 76, c*w = -5*s + 142. List the prime factors of w.
2, 11
Let l(c) = c**2 + 10*c. Let b be l(-10). Let x(j) = 2 + 10*j - 2*j + b - 3. List the prime factors of x(3).
23
Let f be (-4)/(72/15)*-6. Suppose 4*l - f*l = -164. What are the prime factors of l?
2, 41
Suppose 0 = n - 2*n + 7. Let l = 118 - n. What are the prime factors of l?
3, 37
Let u(y) = -7*y - 5. Let g be u(-5). Suppose -2*i = 5*v + 19, -6*v = -5*i - v - g. Let b = 10 + i. List the prime factors of b.
3
Let n(p) = -p**3 - p**2 + p + 20. Let u be n(0). Let g = 73 - u. List the prime factors of (g - 7) + 6/(-2).
43
What are the prime factors of (-6)/15 + (-1060)/(-25)?
2, 3, 7
Suppose 34*z - 1601 = 32*z + 5*f, 2*z = 2*f + 1616. What are the prime factors of z?
3, 271
Let m = -385 - -605. Suppose -m = -4*t - t. List the prime factors of t.
2, 11
Let o(t) = -525*t - 110. What are the prime factors of o(-8)?
2, 5, 409
Let x = -86 - -385. Suppose 4*d - 41 - x = 0. What are the prime factors of d?
5, 17
Let v(o) = -1 + 10*o + 16*o**2 + 12*o - 21*o. Let z(a) = -a**3 - a**2 + 3*a + 3. Let l be z(-2). List the prime factors of v(l).
2
Suppose -1277 = -4*z + 3*z. List the prime factors of (-2)/17 + 1 + z/17.
2, 19
Suppose 272*p - 264*p = 5184. List the prime factors of p.
2, 3
Let n(m) = m - 14. Let l be n(14). Suppose l = 14*z - 10*z + 8. Let u(s) = -16*s + 2. List the prime factors of u(z).
2, 17
Let z = -12 - -11. List the prime factors of ((-21)/6*-6)/(0 - z).
3, 7
Let v(g) = g. Let t be v(0). Suppose 5*n + 92 = 3*q, -32 = -q - t*q + 3*n. What are the prime factors of q - -5*(-4)/10?
3
List the prime factors of (1190/(-10))/(2/(-4)).
2, 7, 17
Let z = 2331 - 1415. What are the prime factors of z?
2, 229
Suppose 0 = 3*d - 4 - 2. Suppose 4*a + d*z = 38, -6 = -z + 3*z. Suppose 3*l - 3*i - 6 = 18, -l = -4*i - a. List the prime factors of l.
7
Let o = -115 + 2161. List the prime factors of o.
2, 3, 11, 31
Let q = -52 + 22. What are the prime factors of (-15)/q*((-198)/1)/(-1)?
3, 11
Let p(m) = -m**3 + 8*m**2 - 3*m - 3. Let t be p(8). Let j = -3 - t. Suppose -l + 3*l - j = 0. What are the prime factors of l?
2, 3
Let t = 13 - 10. Suppose t*z + 3*w = 129, 0*z - 4*w + 43 = z. Let p = z - -3. List the prime factors of p.
2, 23
What are the prime factors of (153/(-2))/((-62)/372)?
3, 17
Let u be 1*6/1*7. Suppose -46*p + 28 = -u*p. What are the prime factors of p?
7
Let u(h) = 2773*h**2 - 2*h. What are the prime factors of u(1)?
17, 163
Let x be (15/25 + -1)/((-2)/10). List the prime factors of (1/(2 - 3))/(x/(-212)).
2, 53
Let h be 38/1*(-15)/6*-1. Let u = -5 + h. What are the prime factors of u?
2, 3, 5
Suppose -2*t = k + 2*k + 57, -5*k + 97 = -2*t. Let l = t + 50. What are the prime factors of l?
2, 7
Let t(r) = 381*r - 82. What are the prime factors of t(2)?
2, 5, 17
Let d = -7 + 7. Suppose -3*b + 285 + 51 = d. Suppose a + 3*a = b. What are the prime factors of a?
2, 7
Let j = 498 - 133. What are the prime factors of j?
5, 73
Let f = -40 + -19. Let k = f - -118. List the prime factors of k.
59
Let a = 221 - 181. List the prime factors of a.
2, 5
Let q = -517 + 1508. What are the prime factors of q?
991
Let q be (-48)/(-27) - (-4)/18. Suppose q + 1 = -d, 3*s = 2*d + 84. Let g = 45 - s. What are the prime factors of g?
19
List the prime factors of 321/(-2)*(-210)/45.
7, 107
Suppose 232 = -0*j + 5*j - d, 0 = -j - d + 50. List the prime factors of j.
47
Let q(b) = b + 8. Let j be q(-4). Let n(d) = -14*d + 2. Let k be n(-4). Suppose -k - 14 = -j*v. List the prime factors of v.
2, 3
Let b(y) = -8*y - 8. Let d be b(9). Let o = d + 238. Suppose a = 0, -5*a + 8*a + o = 2*p. List the prime factors of p.
79
Suppose 3*r - 66 = -0*r. Suppose 4*x = -3*n + 12, -3*x = 2*x + 2*n - r. What are the prime factors of x?
2, 3
Let x be 2/4*2 - -4. Suppose x*j - 48 = -4*f, f + 4*j + j = 12. List the prime factors of 68/6 - (-8)/f.
2, 3
Let k be (29 - 1)/(-13 + 15). Let l = k + -10. Suppose l*w - 12 = 44. What are the prime factors of w?
2, 7
Let u be (2 - -13)/((-3)/(-3)). Let y = u + 8. Suppose 26*d - 126 = y*d. List the prime factors of d.
2, 3, 7
Let y = 2716 + -273. List the prime factors of y.
7, 349
Suppose 2*h - 3*s - 7124 = 0, 116*h - 2*s = 111*h + 17799. What are the prime factors of h?
3559
Let p(f) = f**2 - 3*f + 4. Let n be p(3). Suppose n*w = w + 60. Let u = w - 10. List the prime factors of u.
2, 5
Let g(k) = k - 4. Let a be g(7). Let t(y) = 14*y**2 + 6*y - 6. List the prime factors of t(a).
2, 3, 23
Suppose -21*t = 62*t - 137946. What are the prime factors of t?
2, 3, 277
Let q(l) = 112*l - 84. List the prime factors of q(12).
2, 3, 5, 7
Let y be (1 - (-3 - -4))/(-1). Let r = y - -14. What are the prime factors of r?
2, 7
Let u = -102 - -374. What are the prime factors of u?
2, 17
What are the prime factors of ((-4059)/22)/((-3)/40)?
2, 3, 5, 41
Let h = 649 - -151. List the prime factors of h.
2, 5
Suppose m + 3*